CRAN Package Check Results for Package rbundler

Last updated on 2022-05-19 22:54:18 CEST.

Flavor Version Tinstall Tcheck Ttotal Status Flags
r-devel-linux-x86_64-debian-clang 0.3.7 6.21 69.36 75.57 NOTE
r-devel-linux-x86_64-debian-gcc 0.3.7 5.16 51.73 56.89 NOTE
r-devel-linux-x86_64-fedora-clang 0.3.7 90.67 NOTE
r-devel-linux-x86_64-fedora-gcc 0.3.7 88.02 NOTE
r-devel-windows-x86_64 0.3.7 22.00 82.00 104.00 NOTE
r-patched-linux-x86_64 0.3.7 10.23 69.30 79.53 NOTE
r-release-linux-x86_64 0.3.7 7.18 65.14 72.32 NOTE
r-release-macos-arm64 0.3.7 30.00 NOTE
r-release-macos-x86_64 0.3.7 69.00 NOTE
r-release-windows-x86_64 0.3.7 27.00 85.00 112.00 NOTE
r-oldrel-macos-arm64 0.3.7 30.00 NOTE
r-oldrel-macos-x86_64 0.3.7 47.00 NOTE
r-oldrel-windows-ix86+x86_64 0.3.7 16.00 87.00 103.00 NOTE

Check Details

Version: 0.3.7
Check: DESCRIPTION meta-information
Result: NOTE
    Malformed Title field: should not end in a period.
Flavors: r-devel-linux-x86_64-debian-clang, r-devel-linux-x86_64-debian-gcc, r-devel-linux-x86_64-fedora-clang, r-devel-linux-x86_64-fedora-gcc, r-devel-windows-x86_64, r-patched-linux-x86_64, r-release-linux-x86_64, r-release-macos-arm64, r-release-macos-x86_64, r-release-windows-x86_64, r-oldrel-macos-arm64, r-oldrel-macos-x86_64, r-oldrel-windows-ix86+x86_64

Version: 0.3.7
Check: R code for possible problems
Result: NOTE
    find_available_versions: no visible global function definition for
     'contrib.url'
    find_available_versions: no visible global function definition for
     'available.packages'
    install_version: no visible global function definition for
     'contrib.url'
    install_version: no visible global function definition for
     'available.packages'
    install_version: no visible global function definition for
     'install_url'
    load_available_packages: no visible global function definition for
     'contrib.url'
    validate_installed_package: no visible global function definition for
     'installed.packages'
    Undefined global functions or variables:
     available.packages contrib.url install_url installed.packages
    Consider adding
     importFrom("utils", "available.packages", "contrib.url",
     "installed.packages")
    to your NAMESPACE file.
Flavors: r-devel-linux-x86_64-debian-clang, r-devel-linux-x86_64-debian-gcc, r-devel-linux-x86_64-fedora-clang, r-devel-linux-x86_64-fedora-gcc, r-devel-windows-x86_64, r-patched-linux-x86_64, r-release-linux-x86_64, r-release-macos-arm64, r-release-macos-x86_64, r-release-windows-x86_64, r-oldrel-macos-arm64, r-oldrel-macos-x86_64, r-oldrel-windows-ix86+x86_64