CRAN Package Check Results for Package rde

Last updated on 2022-05-15 22:51:46 CEST.

Flavor Version Tinstall Tcheck Ttotal Status Flags
r-devel-linux-x86_64-debian-clang 0.1.0 2.18 38.10 40.28 NOTE
r-devel-linux-x86_64-debian-gcc 0.1.0 1.57 29.90 31.47 NOTE
r-devel-linux-x86_64-fedora-clang 0.1.0 52.41 NOTE
r-devel-linux-x86_64-fedora-gcc 0.1.0 47.79 NOTE
r-devel-windows-x86_64 0.1.0 11.00 59.00 70.00 NOTE
r-patched-linux-x86_64 0.1.0 1.56 37.25 38.81 NOTE
r-release-linux-x86_64 0.1.0 1.96 37.34 39.30 NOTE
r-release-macos-arm64 0.1.0 17.00 NOTE
r-release-macos-x86_64 0.1.0 30.00 NOTE
r-release-windows-x86_64 0.1.0 11.00 62.00 73.00 NOTE
r-oldrel-macos-arm64 0.1.0 19.00 NOTE
r-oldrel-macos-x86_64 0.1.0 31.00 NOTE
r-oldrel-windows-ix86+x86_64 0.1.0 6.00 49.00 55.00 NOTE

Check Details

Version: 0.1.0
Check: LazyData
Result: NOTE
     'LazyData' is specified without a 'data' directory
Flavors: r-devel-linux-x86_64-debian-clang, r-devel-linux-x86_64-debian-gcc, r-devel-linux-x86_64-fedora-clang, r-devel-linux-x86_64-fedora-gcc, r-devel-windows-x86_64, r-patched-linux-x86_64, r-release-linux-x86_64, r-release-macos-arm64, r-release-macos-x86_64, r-release-windows-x86_64, r-oldrel-macos-arm64, r-oldrel-macos-x86_64, r-oldrel-windows-ix86+x86_64