CRAN Package Check Results for Package rdi

Last updated on 2022-01-23 22:49:52 CET.

Flavor Version Tinstall Tcheck Ttotal Status Flags
r-devel-linux-x86_64-debian-clang 1.0.0 3.03 48.30 51.33 NOTE
r-devel-linux-x86_64-debian-gcc 1.0.0 2.54 40.15 42.69 NOTE
r-devel-linux-x86_64-fedora-clang 1.0.0 62.72 NOTE
r-devel-linux-x86_64-fedora-gcc 1.0.0 50.80 NOTE
r-devel-windows-x86_64-new-UL 1.0.0 15.00 66.00 81.00 NOTE
r-devel-windows-x86_64-new-TK 1.0.0 NOTE
r-patched-linux-x86_64 1.0.0 3.41 45.86 49.27 NOTE
r-release-linux-x86_64 1.0.0 3.00 46.74 49.74 NOTE
r-release-macos-arm64 1.0.0 NOTE
r-release-macos-x86_64 1.0.0 NOTE
r-release-windows-ix86+x86_64 1.0.0 8.00 57.00 65.00 NOTE
r-oldrel-macos-x86_64 1.0.0 OK
r-oldrel-windows-ix86+x86_64 1.0.0 8.00 57.00 65.00 OK

Check Details

Version: 1.0.0
Check: LazyData
Result: NOTE
     'LazyData' is specified without a 'data' directory
Flavors: r-devel-linux-x86_64-debian-clang, r-devel-linux-x86_64-debian-gcc, r-devel-linux-x86_64-fedora-clang, r-devel-linux-x86_64-fedora-gcc, r-devel-windows-x86_64-new-UL, r-devel-windows-x86_64-new-TK, r-patched-linux-x86_64, r-release-linux-x86_64, r-release-macos-arm64, r-release-macos-x86_64, r-release-windows-ix86+x86_64