CRAN Package Check Results for Package rdoxygen

Last updated on 2022-05-22 22:51:49 CEST.

Flavor Version Tinstall Tcheck Ttotal Status Flags
r-devel-linux-x86_64-debian-clang 1.0.0 3.19 33.44 36.63 NOTE
r-devel-linux-x86_64-debian-gcc 1.0.0 2.44 25.83 28.27 NOTE
r-devel-linux-x86_64-fedora-clang 1.0.0 44.51 NOTE
r-devel-linux-x86_64-fedora-gcc 1.0.0 32.19 NOTE
r-devel-windows-x86_64 1.0.0 13.00 55.00 68.00 NOTE
r-patched-linux-x86_64 1.0.0 3.20 31.86 35.06 NOTE
r-release-linux-x86_64 1.0.0 2.84 32.48 35.32 NOTE
r-release-macos-arm64 1.0.0 19.00 NOTE
r-release-macos-x86_64 1.0.0 27.00 NOTE
r-release-windows-x86_64 1.0.0 17.00 52.00 69.00 NOTE
r-oldrel-macos-arm64 1.0.0 18.00 NOTE
r-oldrel-macos-x86_64 1.0.0 32.00 NOTE
r-oldrel-windows-ix86+x86_64 1.0.0 11.00 51.00 62.00 NOTE

Check Details

Version: 1.0.0
Check: LazyData
Result: NOTE
     'LazyData' is specified without a 'data' directory
Flavors: r-devel-linux-x86_64-debian-clang, r-devel-linux-x86_64-debian-gcc, r-devel-linux-x86_64-fedora-clang, r-devel-linux-x86_64-fedora-gcc, r-devel-windows-x86_64, r-patched-linux-x86_64, r-release-linux-x86_64, r-release-macos-arm64, r-release-macos-x86_64, r-release-windows-x86_64, r-oldrel-macos-arm64, r-oldrel-macos-x86_64, r-oldrel-windows-ix86+x86_64