CRAN Package Check Results for Package reactlog

Last updated on 2022-05-23 22:58:23 CEST.

Flavor Version Tinstall Tcheck Ttotal Status Flags
r-devel-linux-x86_64-debian-clang 1.1.0 3.00 38.24 41.24 NOTE
r-devel-linux-x86_64-debian-gcc 1.1.0 1.95 30.05 32.00 NOTE
r-devel-linux-x86_64-fedora-clang 1.1.0 49.79 NOTE
r-devel-linux-x86_64-fedora-gcc 1.1.0 36.91 NOTE
r-devel-windows-x86_64 1.1.0 88.00 59.00 147.00 NOTE
r-patched-linux-x86_64 1.1.0 3.01 37.75 40.76 NOTE
r-release-linux-x86_64 1.1.0 NOTE
r-release-macos-arm64 1.1.0 18.00 NOTE
r-release-macos-x86_64 1.1.0 26.00 NOTE
r-release-windows-x86_64 1.1.0 76.00 63.00 139.00 NOTE
r-oldrel-macos-arm64 1.1.0 21.00 NOTE
r-oldrel-macos-x86_64 1.1.0 28.00 NOTE
r-oldrel-windows-ix86+x86_64 1.1.0 6.00 49.00 55.00 NOTE

Check Details

Version: 1.1.0
Check: LazyData
Result: NOTE
     'LazyData' is specified without a 'data' directory
Flavors: r-devel-linux-x86_64-debian-clang, r-devel-linux-x86_64-debian-gcc, r-devel-linux-x86_64-fedora-clang, r-devel-linux-x86_64-fedora-gcc, r-devel-windows-x86_64, r-patched-linux-x86_64, r-release-linux-x86_64, r-release-macos-arm64, r-release-macos-x86_64, r-release-windows-x86_64, r-oldrel-macos-arm64, r-oldrel-macos-x86_64, r-oldrel-windows-ix86+x86_64