Last updated on 2022-07-05 22:50:31 CEST.
Flavor | Version | Tinstall | Tcheck | Ttotal | Status | Flags |
---|---|---|---|---|---|---|
r-devel-linux-x86_64-debian-clang | 1.9.0 | 2.16 | 26.24 | 28.40 | OK | |
r-devel-linux-x86_64-debian-gcc | 1.9.0 | 1.81 | 20.54 | 22.35 | OK | |
r-devel-linux-x86_64-fedora-clang | 1.9.0 | 46.30 | NOTE | |||
r-devel-linux-x86_64-fedora-gcc | 1.9.0 | 44.97 | OK | |||
r-devel-windows-x86_64 | 1.9.0 | 199.00 | 55.00 | 254.00 | OK | |
r-patched-linux-x86_64 | 1.9.0 | 2.33 | 25.67 | 28.00 | OK | |
r-release-linux-x86_64 | 1.9.0 | 2.62 | 25.73 | 28.35 | OK | |
r-release-macos-arm64 | 1.9.0 | 16.00 | OK | |||
r-release-macos-x86_64 | 1.9.0 | 23.00 | OK | |||
r-release-windows-x86_64 | 1.9.0 | 215.00 | 53.00 | 268.00 | OK | |
r-oldrel-macos-arm64 | 1.9.0 | 16.00 | OK | |||
r-oldrel-macos-x86_64 | 1.9.0 | 24.00 | OK | |||
r-oldrel-windows-ix86+x86_64 | 1.9.0 | 6.00 | 45.00 | 51.00 | OK |
Version: 1.9.0
Check: Rd cross-references
Result: NOTE
Undeclared packages ‘readMzXmlData’, ‘MALDIquantForeign’ in Rd xrefs
Flavor: r-devel-linux-x86_64-fedora-clang