Last updated on 2022-07-04 22:59:20 CEST.
Flavor | Version | Tinstall | Tcheck | Ttotal | Status | Flags |
---|---|---|---|---|---|---|
r-devel-linux-x86_64-debian-clang | 2.8.1 | 3.30 | 34.08 | 37.38 | OK | |
r-devel-linux-x86_64-debian-gcc | 2.8.1 | 2.85 | 26.81 | 29.66 | OK | |
r-devel-linux-x86_64-fedora-clang | 2.8.1 | 56.63 | NOTE | |||
r-devel-linux-x86_64-fedora-gcc | 2.8.1 | 56.49 | OK | |||
r-devel-windows-x86_64 | 2.8.1 | 39.00 | 63.00 | 102.00 | OK | |
r-patched-linux-x86_64 | 2.8.1 | 3.73 | 33.49 | 37.22 | OK | |
r-release-linux-x86_64 | 2.8.1 | 3.33 | 33.90 | 37.23 | OK | |
r-release-macos-arm64 | 2.8.1 | 17.00 | OK | |||
r-release-macos-x86_64 | 2.8.1 | 26.00 | OK | |||
r-release-windows-x86_64 | 2.8.1 | 37.00 | 64.00 | 101.00 | OK | |
r-oldrel-macos-arm64 | 2.8.1 | 22.00 | OK | |||
r-oldrel-macos-x86_64 | 2.8.1 | 33.00 | OK | |||
r-oldrel-windows-ix86+x86_64 | 2.8.1 | 8.00 | 46.00 | 54.00 | OK |
Version: 2.8.1
Check: Rd cross-references
Result: NOTE
Undeclared package ‘MALDIquantForeign’ in Rd xrefs
Flavor: r-devel-linux-x86_64-fedora-clang