CRAN Package Check Results for Package readroper

Last updated on 2022-05-15 22:51:46 CEST.

Flavor Version Tinstall Tcheck Ttotal Status Flags
r-devel-linux-x86_64-debian-clang 0.9.3 2.03 38.10 40.13 NOTE
r-devel-linux-x86_64-debian-gcc 0.9.3 1.74 29.46 31.20 NOTE
r-devel-linux-x86_64-fedora-clang 0.9.3 51.04 NOTE
r-devel-linux-x86_64-fedora-gcc 0.9.3 49.10 NOTE
r-devel-windows-x86_64 0.9.3 9.00 57.00 66.00 NOTE
r-patched-linux-x86_64 0.9.3 1.28 36.71 37.99 NOTE
r-release-linux-x86_64 0.9.3 1.69 37.29 38.98 NOTE
r-release-macos-arm64 0.9.3 20.00 NOTE
r-release-macos-x86_64 0.9.3 42.00 NOTE
r-release-windows-x86_64 0.9.3 9.00 58.00 67.00 NOTE
r-oldrel-macos-arm64 0.9.3 18.00 NOTE
r-oldrel-macos-x86_64 0.9.3 30.00 NOTE
r-oldrel-windows-ix86+x86_64 0.9.3 8.00 55.00 63.00 NOTE

Check Details

Version: 0.9.3
Check: LazyData
Result: NOTE
     'LazyData' is specified without a 'data' directory
Flavors: r-devel-linux-x86_64-debian-clang, r-devel-linux-x86_64-debian-gcc, r-devel-linux-x86_64-fedora-clang, r-devel-linux-x86_64-fedora-gcc, r-devel-windows-x86_64, r-patched-linux-x86_64, r-release-linux-x86_64, r-release-macos-arm64, r-release-macos-x86_64, r-release-windows-x86_64, r-oldrel-macos-arm64, r-oldrel-macos-x86_64, r-oldrel-windows-ix86+x86_64