Last updated on 2022-05-28 22:55:17 CEST.
Flavor | Version | Tinstall | Tcheck | Ttotal | Status | Flags |
---|---|---|---|---|---|---|
r-devel-linux-x86_64-debian-clang | 0.3.0 | 72.05 | 70.81 | 142.86 | OK | |
r-devel-linux-x86_64-debian-gcc | 0.3.0 | 58.44 | 57.51 | 115.95 | OK | |
r-devel-linux-x86_64-fedora-clang | 0.3.0 | 201.86 | OK | |||
r-devel-linux-x86_64-fedora-gcc | 0.3.0 | 176.85 | OK | |||
r-devel-windows-x86_64 | 0.3.0 | 82.00 | 118.00 | 200.00 | OK | |
r-patched-linux-x86_64 | 0.3.0 | 58.59 | 70.13 | 128.72 | OK | |
r-release-linux-x86_64 | 0.3.0 | 67.18 | 71.60 | 138.78 | OK | |
r-release-macos-arm64 | 0.3.0 | 49.00 | NOTE | |||
r-release-macos-x86_64 | 0.3.0 | 72.00 | NOTE | |||
r-release-windows-x86_64 | 0.3.0 | 91.00 | 125.00 | 216.00 | OK | |
r-oldrel-macos-arm64 | 0.3.0 | 58.00 | NOTE | |||
r-oldrel-macos-x86_64 | 0.3.0 | 78.00 | NOTE | |||
r-oldrel-windows-ix86+x86_64 | 0.3.0 | 181.00 | 126.00 | 307.00 | NOTE |
Version: 0.3.0
Check: installed package size
Result: NOTE
installed size is 5.2Mb
sub-directories of 1Mb or more:
doc 2.5Mb
libs 2.6Mb
Flavors: r-release-macos-arm64, r-release-macos-x86_64, r-oldrel-macos-arm64, r-oldrel-macos-x86_64, r-oldrel-windows-ix86+x86_64