CRAN Package Check Results for Package recombinator

Last updated on 2022-05-19 22:54:19 CEST.

Flavor Version Tinstall Tcheck Ttotal Status Flags
r-devel-linux-x86_64-debian-clang 1.0.1 2.28 34.53 36.81 NOTE
r-devel-linux-x86_64-debian-gcc 1.0.1 1.75 26.61 28.36 NOTE
r-devel-linux-x86_64-fedora-clang 1.0.1 44.71 NOTE
r-devel-linux-x86_64-fedora-gcc 1.0.1 42.52 NOTE
r-devel-windows-x86_64 1.0.1 21.00 48.00 69.00 NOTE
r-patched-linux-x86_64 1.0.1 2.00 32.65 34.65 NOTE
r-release-linux-x86_64 1.0.1 2.07 33.07 35.14 NOTE
r-release-macos-arm64 1.0.1 16.00 NOTE
r-release-macos-x86_64 1.0.1 21.00 NOTE
r-release-windows-x86_64 1.0.1 21.00 51.00 72.00 NOTE
r-oldrel-macos-arm64 1.0.1 22.00 NOTE
r-oldrel-macos-x86_64 1.0.1 25.00 NOTE
r-oldrel-windows-ix86+x86_64 1.0.1 5.00 71.00 76.00 NOTE

Check Details

Version: 1.0.1
Check: LazyData
Result: NOTE
     'LazyData' is specified without a 'data' directory
Flavors: r-devel-linux-x86_64-debian-clang, r-devel-linux-x86_64-debian-gcc, r-devel-linux-x86_64-fedora-clang, r-devel-linux-x86_64-fedora-gcc, r-devel-windows-x86_64, r-patched-linux-x86_64, r-release-linux-x86_64, r-release-macos-arm64, r-release-macos-x86_64, r-release-windows-x86_64, r-oldrel-macos-arm64, r-oldrel-macos-x86_64, r-oldrel-windows-ix86+x86_64