CRAN Package Check Results for Package referenceIntervals

Last updated on 2022-01-16 22:51:24 CET.

Flavor Version Tinstall Tcheck Ttotal Status Flags
r-devel-linux-x86_64-debian-clang 1.2.0 5.90 66.89 72.79 OK
r-devel-linux-x86_64-debian-gcc 1.2.0 5.01 53.31 58.32 OK
r-devel-linux-x86_64-fedora-clang 1.2.0 91.00 OK
r-devel-linux-x86_64-fedora-gcc 1.2.0 61.46 OK
r-devel-windows-x86_64-new-UL 1.2.0 210.00 90.00 300.00 OK
r-devel-windows-x86_64-new-TK 1.2.0 ERROR
r-patched-linux-x86_64 1.2.0 5.06 65.01 70.07 OK
r-release-linux-x86_64 1.2.0 OK
r-release-macos-arm64 1.2.0 OK
r-release-macos-x86_64 1.2.0 OK
r-release-windows-ix86+x86_64 1.2.0 18.00 80.00 98.00 OK
r-oldrel-macos-x86_64 1.2.0 OK
r-oldrel-windows-ix86+x86_64 1.2.0 14.00 80.00 94.00 OK

Check Details

Version: 1.2.0
Check: package dependencies
Result: ERROR
    Package required but not available: 'car'
    
    See section 'The DESCRIPTION file' in the 'Writing R Extensions'
    manual.
Flavor: r-devel-windows-x86_64-new-TK