CRAN Package Check Results for Package registr

Last updated on 2021-12-03 22:57:52 CET.

Flavor Version Tinstall Tcheck Ttotal Status Flags
r-devel-linux-x86_64-debian-clang 1.0.0 58.75 185.90 244.65 OK
r-devel-linux-x86_64-debian-gcc 1.0.0 40.71 133.69 174.40 OK
r-devel-linux-x86_64-fedora-clang 1.0.0 317.80 NOTE
r-devel-linux-x86_64-fedora-gcc 1.0.0 292.84 NOTE
r-devel-windows-x86_64-new-UL 1.0.0 85.00 256.00 341.00 OK
r-devel-windows-x86_64-new-TK 1.0.0 NOTE
r-devel-windows-x86_64-old 1.0.0 80.00 174.00 254.00 OK
r-patched-linux-x86_64 1.0.0 40.58 172.42 213.00 OK
r-release-linux-x86_64 1.0.0 50.88 170.59 221.47 OK
r-release-macos-arm64 1.0.0 NOTE
r-release-macos-x86_64 1.0.0 NOTE
r-release-windows-ix86+x86_64 1.0.0 147.00 335.00 482.00 OK
r-oldrel-macos-x86_64 1.0.0 NOTE
r-oldrel-windows-ix86+x86_64 1.0.0 125.00 8.00 133.00 ERROR

Check Details

Version: 1.0.0
Check: dependencies in R code
Result: NOTE
    Namespaces in Imports field not imported from:
     ‘ggplot2’ ‘gridExtra’
     All declared Imports should be used.
Flavors: r-devel-linux-x86_64-fedora-clang, r-devel-linux-x86_64-fedora-gcc, r-devel-windows-x86_64-new-TK, r-release-macos-arm64, r-release-macos-x86_64, r-oldrel-macos-x86_64

Version: 1.0.0
Check: whether package can be installed
Result: ERROR
    Installation failed.
Flavor: r-oldrel-windows-ix86+x86_64