CRAN Package Check Results for Package regressoR

Last updated on 2022-01-21 23:02:02 CET.

Flavor Version Tinstall Tcheck Ttotal Status Flags
r-devel-linux-x86_64-debian-clang 2.0.1 21.71 164.22 185.93 OK
r-devel-linux-x86_64-debian-gcc 2.0.1 20.29 119.04 139.33 OK
r-devel-linux-x86_64-fedora-clang 2.0.1 219.46 NOTE
r-devel-linux-x86_64-fedora-gcc 2.0.1 204.29 OK
r-devel-windows-x86_64-new-UL 2.0.1 154.00 228.00 382.00 OK
r-devel-windows-x86_64-new-TK 2.0.1 OK
r-patched-linux-x86_64 2.0.1 22.17 151.44 173.61 OK
r-release-linux-x86_64 2.0.1 15.12 150.36 165.48 OK
r-release-macos-arm64 2.0.1 OK
r-release-macos-x86_64 2.0.1 OK
r-release-windows-ix86+x86_64 2.0.1 48.00 167.00 215.00 OK
r-oldrel-macos-x86_64 1.2.1 OK
r-oldrel-windows-ix86+x86_64 1.2.1 20.00 126.00 146.00 OK

Check Details

Version: 2.0.1
Check: Rd cross-references
Result: NOTE
    Undeclared package ‘psych’ in Rd xrefs
Flavor: r-devel-linux-x86_64-fedora-clang