CRAN Package Check Results for Package relevance

Last updated on 2024-02-21 23:11:39 CET.

Flavor Version Tinstall Tcheck Ttotal Status Flags
r-devel-linux-x86_64-debian-clang 2.1 OK
r-devel-linux-x86_64-debian-gcc 2.1 4.72 43.80 48.52 OK
r-devel-linux-x86_64-fedora-clang 2.1 79.94 NOTE
r-devel-linux-x86_64-fedora-gcc 2.1 87.56 NOTE
r-devel-windows-x86_64 2.1 6.00 79.00 85.00 OK
r-patched-linux-x86_64 2.1 6.08 55.66 61.74 OK
r-release-linux-x86_64 2.1 6.85 55.28 62.13 OK
r-release-macos-arm64 2.1 36.00 OK
r-release-macos-x86_64 2.1 92.00 OK
r-release-windows-x86_64 2.1 6.00 87.00 93.00 OK
r-oldrel-macos-arm64 2.1 31.00 OK
r-oldrel-windows-x86_64 2.1 10.00 88.00 98.00 OK

Check Details

Version: 2.1
Check: data for non-ASCII characters
Result: NOTE Note: found 1 marked UTF-8 string Flavors: r-devel-linux-x86_64-fedora-clang, r-devel-linux-x86_64-fedora-gcc