CRAN Package Check Results for Package renv

Last updated on 2022-09-25 22:54:03 CEST.

Flavor Version Tinstall Tcheck Ttotal Status Flags
r-devel-linux-x86_64-debian-clang 0.15.5 18.20 243.22 261.42 OK
r-devel-linux-x86_64-debian-gcc 0.15.5 14.78 183.54 198.32 OK
r-devel-linux-x86_64-fedora-clang 0.15.5 347.18 OK
r-devel-linux-x86_64-fedora-gcc 0.15.5 318.42 OK
r-devel-windows-x86_64 0.15.5 186.00 172.00 358.00 OK
r-patched-linux-x86_64 0.15.5 19.00 229.96 248.96 OK
r-release-linux-x86_64 0.15.5 21.95 232.20 254.15 OK
r-release-macos-arm64 0.15.5 64.00 OK
r-release-macos-x86_64 0.15.5 114.00 OK
r-release-windows-x86_64 0.15.5 175.00 163.00 338.00 OK
r-oldrel-macos-arm64 0.15.5 59.00 OK
r-oldrel-macos-x86_64 0.15.5 110.00 OK
r-oldrel-windows-ix86+x86_64 0.15.5 33.00 152.00 185.00 WARN

Check Details

Version: 0.15.5
Check: for unstated dependencies in ‘tests’
Result: WARN
    Warning: unable to access index for repository https://bioconductor.org/packages/3.14/bioc/src/contrib:
     cannot open URL 'https://bioconductor.org/packages/3.14/bioc/src/contrib/PACKAGES'
    Warning: unable to access index for repository https://bioconductor.org/packages/3.14/data/annotation/src/contrib:
     cannot open URL 'https://bioconductor.org/packages/3.14/data/annotation/src/contrib/PACKAGES'
    Warning: unable to access index for repository https://bioconductor.org/packages/3.14/data/experiment/src/contrib:
     cannot open URL 'https://bioconductor.org/packages/3.14/data/experiment/src/contrib/PACKAGES'
Flavor: r-oldrel-windows-ix86+x86_64