CRAN Package Check Results for Package repmod

Last updated on 2022-01-27 23:01:15 CET.

Flavor Version Tinstall Tcheck Ttotal Status Flags
r-devel-linux-x86_64-debian-clang 0.1.7 2.94 42.04 44.98 NOTE
r-devel-linux-x86_64-debian-gcc 0.1.7 2.93 32.77 35.70 NOTE
r-devel-linux-x86_64-fedora-clang 0.1.7 55.51 NOTE
r-devel-linux-x86_64-fedora-gcc 0.1.7 44.34 NOTE
r-devel-windows-x86_64-new-UL 0.1.7 20.00 63.00 83.00 NOTE
r-devel-windows-x86_64-new-TK 0.1.7 ERROR
r-patched-linux-x86_64 0.1.7 4.41 40.18 44.59 NOTE
r-release-linux-x86_64 0.1.7 3.48 40.45 43.93 NOTE
r-release-macos-arm64 0.1.7 NOTE
r-release-macos-x86_64 0.1.7 NOTE
r-release-windows-ix86+x86_64 0.1.7 8.00 49.00 57.00 NOTE
r-oldrel-macos-x86_64 0.1.7 OK
r-oldrel-windows-ix86+x86_64 0.1.7 8.00 50.00 58.00 OK

Check Details

Version: 0.1.7
Check: LazyData
Result: NOTE
     'LazyData' is specified without a 'data' directory
Flavors: r-devel-linux-x86_64-debian-clang, r-devel-linux-x86_64-debian-gcc, r-devel-linux-x86_64-fedora-clang, r-devel-linux-x86_64-fedora-gcc, r-devel-windows-x86_64-new-UL, r-patched-linux-x86_64, r-release-linux-x86_64, r-release-macos-arm64, r-release-macos-x86_64, r-release-windows-ix86+x86_64

Version: 0.1.7
Check: package dependencies
Result: ERROR
    Packages required but not available: 'lme4', 'lmerTest'
    
    See section 'The DESCRIPTION file' in the 'Writing R Extensions'
    manual.
Flavor: r-devel-windows-x86_64-new-TK