CRAN Package Check Results for Package repr

Last updated on 2022-01-28 23:00:49 CET.

Flavor Version Tinstall Tcheck Ttotal Status Flags
r-devel-linux-x86_64-debian-clang 1.1.4 5.56 56.61 62.17 OK
r-devel-linux-x86_64-debian-gcc 1.1.4 4.38 42.83 47.21 OK
r-devel-linux-x86_64-fedora-clang 1.1.4 74.13 NOTE
r-devel-linux-x86_64-fedora-gcc 1.1.4 135.30 OK
r-devel-windows-x86_64-new-UL 1.1.4 62.00 76.00 138.00 OK
r-devel-windows-x86_64-new-TK 1.1.4 OK
r-patched-linux-x86_64 1.1.4 4.36 48.79 53.15 OK
r-release-linux-x86_64 1.1.4 2.81 49.74 52.55 OK
r-release-macos-arm64 1.1.4 OK
r-release-macos-x86_64 1.1.4 OK
r-release-windows-ix86+x86_64 1.1.4 14.00 60.00 74.00 OK
r-oldrel-macos-x86_64 1.1.4 OK
r-oldrel-windows-ix86+x86_64 1.1.4 13.00 62.00 75.00 OK

Check Details

Version: 1.1.4
Check: Rd cross-references
Result: NOTE
    Undeclared package ‘ggplot2’ in Rd xrefs
Flavor: r-devel-linux-x86_64-fedora-clang