CRAN Package Check Results for Package resemble

Last updated on 2022-07-04 22:59:21 CEST.

Flavor Version Tinstall Tcheck Ttotal Status Flags
r-devel-linux-x86_64-debian-clang 2.1.2 81.52 306.13 387.65 OK
r-devel-linux-x86_64-debian-gcc 2.1.2 66.90 233.80 300.70 OK
r-devel-linux-x86_64-fedora-clang 2.1.2 499.12 NOTE
r-devel-linux-x86_64-fedora-gcc 2.1.2 484.18 OK
r-devel-windows-x86_64 2.1.2 95.00 364.00 459.00 OK
r-patched-linux-x86_64 2.1.2 72.61 294.48 367.09 OK
r-release-linux-x86_64 2.1.2 72.38 294.46 366.84 OK
r-release-macos-arm64 2.1.2 153.00 NOTE
r-release-macos-x86_64 2.1.2 205.00 NOTE
r-release-windows-x86_64 2.1.2 101.00 375.00 476.00 OK
r-oldrel-macos-arm64 2.1.2 141.00 NOTE
r-oldrel-macos-x86_64 2.1.2 215.00 NOTE
r-oldrel-windows-ix86+x86_64 2.1.2 181.00 450.00 631.00 NOTE

Check Details

Version: 2.1.2
Check: installed package size
Result: NOTE
     installed size is 7.0Mb
     sub-directories of 1Mb or more:
     doc 1.8Mb
     libs 4.6Mb
Flavors: r-devel-linux-x86_64-fedora-clang, r-release-macos-arm64, r-release-macos-x86_64, r-oldrel-macos-arm64, r-oldrel-macos-x86_64, r-oldrel-windows-ix86+x86_64