CRAN Package Check Results for Package reservr

Last updated on 2024-02-20 23:54:05 CET.

Flavor Version Tinstall Tcheck Ttotal Status Flags
r-devel-linux-x86_64-debian-clang 0.0.2 NOTE
r-devel-linux-x86_64-debian-gcc 0.0.2 138.02 143.60 281.62 NOTE
r-devel-linux-x86_64-fedora-clang 0.0.2 506.81 NOTE
r-devel-linux-x86_64-fedora-gcc 0.0.2 530.01 NOTE
r-devel-windows-x86_64 0.0.2 130.00 241.00 371.00 NOTE
r-patched-linux-x86_64 0.0.2 170.72 184.87 355.59 NOTE
r-release-linux-x86_64 0.0.2 126.36 190.71 317.07 NOTE
r-release-macos-arm64 0.0.2 124.00 NOTE
r-release-macos-x86_64 0.0.2 444.00 NOTE
r-release-windows-x86_64 0.0.2 172.00 262.00 434.00 NOTE
r-oldrel-macos-arm64 0.0.2 140.00 NOTE
r-oldrel-windows-x86_64 0.0.2 165.00 242.00 407.00 NOTE

Check Details

Version: 0.0.2
Check: for GNU extensions in Makefiles
Result: NOTE GNU make is a SystemRequirements. Flavors: r-devel-linux-x86_64-debian-clang, r-devel-linux-x86_64-debian-gcc, r-devel-linux-x86_64-fedora-clang, r-devel-linux-x86_64-fedora-gcc, r-devel-windows-x86_64, r-patched-linux-x86_64, r-release-linux-x86_64, r-release-macos-arm64, r-release-macos-x86_64, r-release-windows-x86_64, r-oldrel-macos-arm64, r-oldrel-windows-x86_64

Version: 0.0.2
Check: installed package size
Result: NOTE installed size is 16.1Mb sub-directories of 1Mb or more: R 2.1Mb libs 13.5Mb Flavors: r-release-macos-arm64, r-release-macos-x86_64, r-oldrel-macos-arm64