Last updated on 2023-09-20 21:53:00 CEST.
Flavor | Version | Tinstall | Tcheck | Ttotal | Status | Flags |
---|---|---|---|---|---|---|
r-devel-linux-x86_64-debian-clang | 1.4.4 | 27.22 | 42.57 | 69.79 | NOTE | |
r-devel-linux-x86_64-debian-gcc | 1.4.4 | 17.35 | 32.52 | 49.87 | NOTE | |
r-devel-linux-x86_64-fedora-clang | 1.4.4 | 89.93 | NOTE | |||
r-devel-linux-x86_64-fedora-gcc | 1.4.4 | 86.96 | NOTE | |||
r-devel-windows-x86_64 | 1.4.4 | 21.00 | 74.00 | 95.00 | NOTE | |
r-patched-linux-x86_64 | 1.4.4 | 23.37 | 41.69 | 65.06 | NOTE | |
r-release-linux-x86_64 | 1.4.4 | 21.67 | 41.43 | 63.10 | NOTE | |
r-release-macos-arm64 | 1.4.4 | 27.00 | NOTE | |||
r-release-macos-x86_64 | 1.4.4 | 46.00 | NOTE | |||
r-release-windows-x86_64 | 1.4.4 | 1.00 | 5.00 | 6.00 | ERROR | |
r-oldrel-macos-arm64 | 1.4.4 | 22.00 | OK | |||
r-oldrel-macos-x86_64 | 1.4.4 | 34.00 | OK | |||
r-oldrel-windows-x86_64 | 1.4.4 | 24.00 | 79.00 | 103.00 | OK |
Version: 1.4.4
Check: Rd files
Result: NOTE
checkRd: (-1) cast.Rd:45: Escaped LaTeX specials: \_
checkRd: (-1) cast.Rd:46: Escaped LaTeX specials: \_
Flavors: r-devel-linux-x86_64-debian-clang, r-devel-linux-x86_64-debian-gcc, r-devel-linux-x86_64-fedora-clang, r-devel-linux-x86_64-fedora-gcc, r-devel-windows-x86_64, r-patched-linux-x86_64, r-release-linux-x86_64, r-release-macos-arm64, r-release-macos-x86_64
Version: 1.4.4
Check: whether package can be installed
Result: ERROR
Installation failed.
Flavor: r-release-windows-x86_64