CRAN Package Check Results for Package respirometry

Last updated on 2021-12-04 22:59:44 CET.

Flavor Version Tinstall Tcheck Ttotal Status Flags
r-devel-linux-x86_64-debian-clang 1.3.0 8.05 72.24 80.29 NOTE
r-devel-linux-x86_64-debian-gcc 1.3.0 5.21 54.57 59.78 NOTE
r-devel-linux-x86_64-fedora-clang 1.3.0 99.16 NOTE
r-devel-linux-x86_64-fedora-gcc 1.3.0 82.52 NOTE
r-devel-windows-x86_64-new-UL 1.3.0 20.00 107.00 127.00 NOTE
r-devel-windows-x86_64-new-TK 1.3.0 NOTE
r-devel-windows-x86_64-old 1.3.0 13.00 70.00 83.00 NOTE
r-patched-linux-x86_64 1.3.0 8.30 59.76 68.06 NOTE
r-release-linux-x86_64 1.3.0 6.63 59.68 66.31 NOTE
r-release-macos-arm64 1.3.0 NOTE
r-release-macos-x86_64 1.3.0 NOTE
r-release-windows-ix86+x86_64 1.3.0 17.00 87.00 104.00 NOTE
r-oldrel-macos-x86_64 1.3.0 OK
r-oldrel-windows-ix86+x86_64 1.3.0 17.00 83.00 100.00 OK

Check Details

Version: 1.3.0
Check: LazyData
Result: NOTE
     'LazyData' is specified without a 'data' directory
Flavors: r-devel-linux-x86_64-debian-clang, r-devel-linux-x86_64-debian-gcc, r-devel-linux-x86_64-fedora-clang, r-devel-linux-x86_64-fedora-gcc, r-devel-windows-x86_64-new-UL, r-devel-windows-x86_64-new-TK, r-devel-windows-x86_64-old, r-patched-linux-x86_64, r-release-linux-x86_64, r-release-macos-arm64, r-release-macos-x86_64, r-release-windows-ix86+x86_64