CRAN Package Check Results for Package retrodesign

Last updated on 2022-01-26 22:55:02 CET.

Flavor Version Tinstall Tcheck Ttotal Status Flags
r-devel-linux-x86_64-debian-clang 0.1.0 2.20 41.43 43.63 NOTE
r-devel-linux-x86_64-debian-gcc 0.1.0 1.61 32.05 33.66 NOTE
r-devel-linux-x86_64-fedora-clang 0.1.0 53.26 NOTE
r-devel-linux-x86_64-fedora-gcc 0.1.0 42.54 NOTE
r-devel-windows-x86_64-new-UL 0.1.0 66.00 64.00 130.00 NOTE
r-devel-windows-x86_64-new-TK 0.1.0 NOTE
r-patched-linux-x86_64 0.1.0 2.17 38.30 40.47 NOTE
r-release-linux-x86_64 0.1.0 2.23 37.10 39.33 NOTE
r-release-macos-arm64 0.1.0 NOTE
r-release-macos-x86_64 0.1.0 NOTE
r-release-windows-ix86+x86_64 0.1.0 6.00 46.00 52.00 NOTE
r-oldrel-macos-x86_64 0.1.0 OK
r-oldrel-windows-ix86+x86_64 0.1.0 5.00 48.00 53.00 OK

Check Details

Version: 0.1.0
Check: LazyData
Result: NOTE
     'LazyData' is specified without a 'data' directory
Flavors: r-devel-linux-x86_64-debian-clang, r-devel-linux-x86_64-debian-gcc, r-devel-linux-x86_64-fedora-clang, r-devel-linux-x86_64-fedora-gcc, r-devel-windows-x86_64-new-UL, r-devel-windows-x86_64-new-TK, r-patched-linux-x86_64, r-release-linux-x86_64, r-release-macos-arm64, r-release-macos-x86_64, r-release-windows-ix86+x86_64