CRAN Package Check Results for Package retroharmonize

Last updated on 2022-01-21 23:02:02 CET.

Flavor Version Tinstall Tcheck Ttotal Status Flags
r-devel-linux-x86_64-debian-clang 0.2.0 7.49 124.48 131.97 OK
r-devel-linux-x86_64-debian-gcc 0.2.0 5.26 94.26 99.52 OK
r-devel-linux-x86_64-fedora-clang 0.2.0 159.07 NOTE
r-devel-linux-x86_64-fedora-gcc 0.2.0 144.66 OK
r-devel-windows-x86_64-new-UL 0.2.0 140.00 178.00 318.00 NOTE
r-devel-windows-x86_64-new-TK 0.2.0 OK
r-patched-linux-x86_64 0.2.0 7.75 124.09 131.84 OK
r-release-linux-x86_64 0.2.0 5.36 125.18 130.54 OK
r-release-macos-arm64 0.2.0 NOTE
r-release-macos-x86_64 0.2.0 NOTE
r-release-windows-ix86+x86_64 0.2.0 17.00 148.00 165.00 NOTE
r-oldrel-macos-x86_64 0.2.0 NOTE
r-oldrel-windows-ix86+x86_64 0.2.0 17.00 165.00 182.00 NOTE

Check Details

Version: 0.2.0
Check: installed package size
Result: NOTE
     installed size is 5.7Mb
     sub-directories of 1Mb or more:
     doc 1.1Mb
     examples 1.9Mb
Flavors: r-devel-linux-x86_64-fedora-clang, r-devel-windows-x86_64-new-UL, r-release-macos-arm64, r-release-macos-x86_64, r-release-windows-ix86+x86_64, r-oldrel-macos-x86_64, r-oldrel-windows-ix86+x86_64