Last updated on 2023-05-31 21:58:43 CEST.
Flavor | Version | Tinstall | Tcheck | Ttotal | Status | Flags |
---|---|---|---|---|---|---|
r-devel-linux-x86_64-debian-clang | 0.2.0 | 8.28 | 145.38 | 153.66 | OK | |
r-devel-linux-x86_64-debian-gcc | 0.2.0 | 7.27 | 109.81 | 117.08 | OK | |
r-devel-linux-x86_64-fedora-clang | 0.2.0 | 192.87 | NOTE | |||
r-devel-linux-x86_64-fedora-gcc | 0.2.0 | 188.53 | OK | |||
r-devel-windows-x86_64 | 0.2.0 | 10.00 | 126.00 | 136.00 | NOTE | |
r-patched-linux-x86_64 | 0.2.0 | OK | ||||
r-release-linux-x86_64 | 0.2.0 | 6.09 | 138.53 | 144.62 | OK | |
r-release-macos-arm64 | 0.2.0 | 72.00 | NOTE | |||
r-release-macos-x86_64 | 0.2.0 | 121.00 | NOTE | |||
r-release-windows-x86_64 | 0.2.0 | 14.00 | 156.00 | 170.00 | NOTE | |
r-oldrel-macos-arm64 | 0.2.0 | 52.00 | NOTE | |||
r-oldrel-macos-x86_64 | 0.2.0 | 91.00 | NOTE | |||
r-oldrel-windows-x86_64 | 0.2.0 | 12.00 | 163.00 | 175.00 | NOTE |
Version: 0.2.0
Check: installed package size
Result: NOTE
installed size is 5.7Mb
sub-directories of 1Mb or more:
doc 1.1Mb
examples 1.9Mb
Flavors: r-devel-linux-x86_64-fedora-clang, r-devel-windows-x86_64, r-release-macos-arm64, r-release-macos-x86_64, r-release-windows-x86_64, r-oldrel-macos-arm64, r-oldrel-macos-x86_64, r-oldrel-windows-x86_64