CRAN Package Check Results for Package revgeo

Last updated on 2023-05-28 22:00:20 CEST.

Flavor Version Tinstall Tcheck Ttotal Status Flags
r-devel-linux-x86_64-debian-clang 0.15 2.53 29.48 32.01 NOTE
r-devel-linux-x86_64-debian-gcc 0.15 2.60 23.15 25.75 NOTE
r-devel-linux-x86_64-fedora-clang 0.15 40.35 NOTE
r-devel-linux-x86_64-fedora-gcc 0.15 38.17 NOTE
r-devel-windows-x86_64 0.15 4.00 44.00 48.00 NOTE
r-patched-linux-x86_64 0.15 3.24 28.31 31.55 NOTE
r-release-linux-x86_64 0.15 3.23 28.42 31.65 NOTE
r-release-macos-arm64 0.15 22.00 NOTE
r-release-macos-x86_64 0.15 22.00 NOTE
r-release-windows-x86_64 0.15 4.00 52.00 56.00 NOTE
r-oldrel-macos-arm64 0.15 16.00 NOTE
r-oldrel-macos-x86_64 0.15 24.00 NOTE
r-oldrel-windows-x86_64 0.15 11.00 61.00 72.00 NOTE

Check Details

Version: 0.15
Check: LazyData
Result: NOTE
     'LazyData' is specified without a 'data' directory
Flavors: r-devel-linux-x86_64-debian-clang, r-devel-linux-x86_64-debian-gcc, r-devel-linux-x86_64-fedora-clang, r-devel-linux-x86_64-fedora-gcc, r-devel-windows-x86_64, r-patched-linux-x86_64, r-release-linux-x86_64, r-release-macos-arm64, r-release-macos-x86_64, r-release-windows-x86_64, r-oldrel-macos-arm64, r-oldrel-macos-x86_64, r-oldrel-windows-x86_64