CRAN Package Check Results for Package revulyticsR

Last updated on 2022-01-25 22:57:07 CET.

Flavor Version Tinstall Tcheck Ttotal Status Flags
r-devel-linux-x86_64-debian-clang 0.0.3 5.37 54.89 60.26 NOTE
r-devel-linux-x86_64-debian-gcc 0.0.3 3.70 40.87 44.57 NOTE
r-devel-linux-x86_64-fedora-clang 0.0.3 68.74 NOTE
r-devel-linux-x86_64-fedora-gcc 0.0.3 57.91 NOTE
r-devel-windows-x86_64-new-UL 0.0.3 43.00 73.00 116.00 NOTE
r-devel-windows-x86_64-new-TK 0.0.3 NOTE
r-patched-linux-x86_64 0.0.3 4.27 49.83 54.10 NOTE
r-release-linux-x86_64 0.0.3 4.17 48.59 52.76 NOTE
r-release-macos-arm64 0.0.3 NOTE
r-release-macos-x86_64 0.0.3 NOTE
r-release-windows-ix86+x86_64 0.0.3 12.00 60.00 72.00 NOTE
r-oldrel-macos-x86_64 0.0.3 OK
r-oldrel-windows-ix86+x86_64 0.0.3 13.00 61.00 74.00 OK

Check Details

Version: 0.0.3
Check: LazyData
Result: NOTE
     'LazyData' is specified without a 'data' directory
Flavors: r-devel-linux-x86_64-debian-clang, r-devel-linux-x86_64-debian-gcc, r-devel-linux-x86_64-fedora-clang, r-devel-linux-x86_64-fedora-gcc, r-devel-windows-x86_64-new-UL, r-devel-windows-x86_64-new-TK, r-patched-linux-x86_64, r-release-linux-x86_64, r-release-macos-arm64, r-release-macos-x86_64, r-release-windows-ix86+x86_64