CRAN Package Check Results for Package rgplates

Last updated on 2022-07-04 22:59:21 CEST.

Flavor Version Tinstall Tcheck Ttotal Status Flags
r-devel-linux-x86_64-debian-clang 0.1.0 4.28 34.14 38.42 OK
r-devel-linux-x86_64-debian-gcc 0.1.0 3.52 27.17 30.69 OK
r-devel-linux-x86_64-fedora-clang 0.1.0 57.21 NOTE
r-devel-linux-x86_64-fedora-gcc 0.1.0 56.98 NOTE
r-devel-windows-x86_64 0.1.0 19.00 59.00 78.00 OK
r-patched-linux-x86_64 0.1.0 3.85 32.93 36.78 OK
r-release-linux-x86_64 0.1.0 3.12 34.09 37.21 OK
r-release-macos-arm64 0.1.0 21.00 NOTE
r-release-macos-x86_64 0.1.0 27.00 NOTE
r-release-windows-x86_64 0.1.0 16.00 59.00 75.00 OK
r-oldrel-macos-arm64 0.1.0 22.00 NOTE
r-oldrel-macos-x86_64 0.1.0 38.00 NOTE
r-oldrel-windows-ix86+x86_64 0.1.0 10.00 56.00 66.00 OK

Check Details

Version: 0.1.0
Check: dependencies in R code
Result: NOTE
    Namespace in Imports field not imported from: ‘grDevices’
     All declared Imports should be used.
Flavors: r-devel-linux-x86_64-fedora-clang, r-devel-linux-x86_64-fedora-gcc, r-release-macos-arm64, r-release-macos-x86_64, r-oldrel-macos-arm64, r-oldrel-macos-x86_64