CRAN Package Check Results for Package rgr

Last updated on 2022-01-16 22:51:24 CET.

Flavor Version Tinstall Tcheck Ttotal Status Flags
r-devel-linux-x86_64-debian-clang 1.1.15 8.46 93.21 101.67 NOTE
r-devel-linux-x86_64-debian-gcc 1.1.15 9.32 70.89 80.21 NOTE
r-devel-linux-x86_64-fedora-clang 1.1.15 128.85 NOTE
r-devel-linux-x86_64-fedora-gcc 1.1.15 117.83 NOTE
r-devel-windows-x86_64-new-UL 1.1.15 108.00 130.00 238.00 OK
r-devel-windows-x86_64-new-TK 1.1.15 OK
r-patched-linux-x86_64 1.1.15 14.94 90.73 105.67 NOTE
r-release-linux-x86_64 1.1.15 NOTE
r-release-macos-arm64 1.1.15 OK
r-release-macos-x86_64 1.1.15 OK
r-release-windows-ix86+x86_64 1.1.15 20.00 109.00 129.00 OK
r-oldrel-macos-x86_64 1.1.15 OK
r-oldrel-windows-ix86+x86_64 1.1.15 20.00 109.00 129.00 OK

Check Details

Version: 1.1.15
Check: for non-standard things in the check directory
Result: NOTE
    Found the following files/directories:
     'MD_display.csv' 'kola.c_COUNTRY_Cu.csv'
     'kola.c_COUNTRY_Cu_fences.txt' 'ogrady.mvalloc_mvalloc.csv'
     'sind.mat2open_NGR_summary.csv' 'sind.save_PC-loadings.csv'
     'sind.save_PC-scores.csv' 'test.save.mvalloc_mvalloc.csv'
Flavors: r-devel-linux-x86_64-debian-clang, r-devel-linux-x86_64-debian-gcc, r-devel-linux-x86_64-fedora-clang, r-devel-linux-x86_64-fedora-gcc, r-patched-linux-x86_64, r-release-linux-x86_64