CRAN Package Check Results for Package rhosa

Last updated on 2022-01-25 22:57:08 CET.

Flavor Version Tinstall Tcheck Ttotal Status Flags
r-devel-linux-x86_64-debian-clang 0.2.0 2.94 155.69 158.63 OK
r-devel-linux-x86_64-debian-gcc 0.2.0 2.25 107.55 109.80 OK
r-devel-linux-x86_64-fedora-clang 0.2.0 180.92 OK
r-devel-linux-x86_64-fedora-gcc 0.2.0 175.23 OK
r-devel-windows-x86_64-new-UL 0.2.0 29.00 158.00 187.00 OK
r-devel-windows-x86_64-new-TK 0.2.0 OK
r-patched-linux-x86_64 0.2.0 2.78 153.03 155.81 OK
r-release-linux-x86_64 0.2.0 2.68 151.62 154.30 OK
r-release-macos-arm64 0.1.0 NOTE
r-release-macos-x86_64 0.2.0 OK
r-release-windows-ix86+x86_64 0.2.0 6.00 175.00 181.00 OK
r-oldrel-macos-x86_64 0.2.0 OK
r-oldrel-windows-ix86+x86_64 0.2.0 7.00 173.00 180.00 OK

Check Details

Version: 0.1.0
Check: LazyData
Result: NOTE
     'LazyData' is specified without a 'data' directory
Flavor: r-release-macos-arm64