CRAN Package Check Results for Package rhub

Last updated on 2022-01-21 23:02:02 CET.

Flavor Version Tinstall Tcheck Ttotal Status Flags
r-devel-linux-x86_64-debian-clang 1.1.1 6.73 60.88 67.61 NOTE
r-devel-linux-x86_64-debian-gcc 1.1.1 5.36 46.65 52.01 NOTE
r-devel-linux-x86_64-fedora-clang 1.1.1 82.76 NOTE
r-devel-linux-x86_64-fedora-gcc 1.1.1 87.80 NOTE
r-devel-windows-x86_64-new-UL 1.1.1 38.00 93.00 131.00 NOTE
r-devel-windows-x86_64-new-TK 1.1.1 NOTE
r-patched-linux-x86_64 1.1.1 6.42 59.05 65.47 NOTE
r-release-linux-x86_64 1.1.1 6.76 59.69 66.45 NOTE
r-release-macos-arm64 1.1.1 NOTE
r-release-macos-x86_64 1.1.1 NOTE
r-release-windows-ix86+x86_64 1.1.1 14.00 71.00 85.00 NOTE
r-oldrel-macos-x86_64 1.1.1 OK
r-oldrel-windows-ix86+x86_64 1.1.1 14.00 76.00 90.00 OK

Check Details

Version: 1.1.1
Check: LazyData
Result: NOTE
     'LazyData' is specified without a 'data' directory
Flavors: r-devel-linux-x86_64-debian-clang, r-devel-linux-x86_64-debian-gcc, r-devel-linux-x86_64-fedora-clang, r-devel-linux-x86_64-fedora-gcc, r-devel-windows-x86_64-new-UL, r-devel-windows-x86_64-new-TK, r-patched-linux-x86_64, r-release-linux-x86_64, r-release-macos-arm64, r-release-macos-x86_64, r-release-windows-ix86+x86_64