CRAN Package Check Results for Package riingo

Last updated on 2022-05-24 22:50:16 CEST.

Flavor Version Tinstall Tcheck Ttotal Status Flags
r-devel-linux-x86_64-debian-clang 0.3.1 3.19 44.72 47.91 NOTE
r-devel-linux-x86_64-debian-gcc 0.3.1 2.79 34.86 37.65 NOTE
r-devel-linux-x86_64-fedora-clang 0.3.1 61.84 NOTE
r-devel-linux-x86_64-fedora-gcc 0.3.1 47.64 NOTE
r-devel-windows-x86_64 0.3.1 23.00 67.00 90.00 NOTE
r-patched-linux-x86_64 0.3.1 4.93 43.03 47.96 NOTE
r-release-linux-x86_64 0.3.1 NOTE
r-release-macos-arm64 0.3.1 17.00 NOTE
r-release-macos-x86_64 0.3.1 27.00 NOTE
r-release-windows-x86_64 0.3.1 20.00 68.00 88.00 NOTE
r-oldrel-macos-arm64 0.3.1 23.00 NOTE
r-oldrel-macos-x86_64 0.3.1 26.00 NOTE
r-oldrel-windows-ix86+x86_64 0.3.1 10.00 52.00 62.00 NOTE

Check Details

Version: 0.3.1
Check: LazyData
Result: NOTE
     'LazyData' is specified without a 'data' directory
Flavors: r-devel-linux-x86_64-debian-clang, r-devel-linux-x86_64-debian-gcc, r-devel-linux-x86_64-fedora-clang, r-devel-linux-x86_64-fedora-gcc, r-devel-windows-x86_64, r-patched-linux-x86_64, r-release-linux-x86_64, r-release-macos-arm64, r-release-macos-x86_64, r-release-windows-x86_64, r-oldrel-macos-arm64, r-oldrel-macos-x86_64, r-oldrel-windows-ix86+x86_64