CRAN Package Check Results for Package riskRegression

Last updated on 2022-01-18 22:47:36 CET.

Flavor Version Tinstall Tcheck Ttotal Status Flags
r-devel-linux-x86_64-debian-clang 2021.10.10 257.42 564.05 821.47 OK
r-devel-linux-x86_64-debian-gcc 2021.10.10 201.60 404.58 606.18 OK
r-devel-linux-x86_64-fedora-clang 2021.10.10 1129.88 NOTE
r-devel-linux-x86_64-fedora-gcc 2021.10.10 1030.01 OK
r-devel-windows-x86_64-new-UL 2021.10.10 719.00 595.00 1314.00 OK
r-devel-windows-x86_64-new-TK 2021.10.10 OK
r-patched-linux-x86_64 2021.10.10 233.66 522.14 755.80 OK
r-release-linux-x86_64 2021.10.10 OK
r-release-macos-arm64 2021.10.10 NOTE
r-release-macos-x86_64 2021.10.10 NOTE
r-release-windows-ix86+x86_64 2021.10.10 613.00 1041.00 1654.00 OK
r-oldrel-macos-x86_64 2021.10.10 NOTE
r-oldrel-windows-ix86+x86_64 2021.10.10 614.00 1039.00 1653.00 OK

Check Details

Version: 2021.10.10
Check: installed package size
Result: NOTE
     installed size is 9.7Mb
     sub-directories of 1Mb or more:
     libs 8.3Mb
Flavors: r-devel-linux-x86_64-fedora-clang, r-release-macos-arm64, r-release-macos-x86_64, r-oldrel-macos-x86_64