CRAN Package Check Results for Package rjdqa

Last updated on 2022-05-22 22:51:49 CEST.

Flavor Version Tinstall Tcheck Ttotal Status Flags
r-devel-linux-x86_64-debian-clang 0.1.1 4.43 66.51 70.94 NOTE
r-devel-linux-x86_64-debian-gcc 0.1.1 4.16 51.33 55.49 NOTE
r-devel-linux-x86_64-fedora-clang 0.1.1 87.06 NOTE
r-devel-linux-x86_64-fedora-gcc 0.1.1 74.71 NOTE
r-devel-windows-x86_64 0.1.1 11.00 79.00 90.00 NOTE
r-patched-linux-x86_64 0.1.1 5.20 65.49 70.69 NOTE
r-release-linux-x86_64 0.1.1 4.26 64.86 69.12 NOTE
r-release-macos-arm64 0.1.1 24.00 NOTE
r-release-macos-x86_64 0.1.1 34.00 NOTE
r-release-windows-x86_64 0.1.1 16.00 81.00 97.00 NOTE
r-oldrel-macos-arm64 0.1.1 40.00 NOTE
r-oldrel-macos-x86_64 0.1.1 50.00 NOTE
r-oldrel-windows-ix86+x86_64 0.1.1 12.00 71.00 83.00 NOTE

Check Details

Version: 0.1.1
Check: LazyData
Result: NOTE
     'LazyData' is specified without a 'data' directory
Flavors: r-devel-linux-x86_64-debian-clang, r-devel-linux-x86_64-debian-gcc, r-devel-linux-x86_64-fedora-clang, r-devel-linux-x86_64-fedora-gcc, r-devel-windows-x86_64, r-patched-linux-x86_64, r-release-linux-x86_64, r-release-macos-arm64, r-release-macos-x86_64, r-release-windows-x86_64, r-oldrel-macos-arm64, r-oldrel-macos-x86_64, r-oldrel-windows-ix86+x86_64

Version: 0.1.1
Check: dependencies in R code
Result: NOTE
    Namespace in Imports field not imported from: ‘XLConnect’
     All declared Imports should be used.
Flavors: r-devel-linux-x86_64-fedora-clang, r-devel-linux-x86_64-fedora-gcc, r-release-macos-arm64, r-release-macos-x86_64, r-oldrel-macos-arm64, r-oldrel-macos-x86_64