CRAN Package Check Results for Package rje

Last updated on 2022-01-25 22:57:08 CET.

Flavor Version Tinstall Tcheck Ttotal Status Flags
r-devel-linux-x86_64-debian-clang 1.10.16 4.76 45.78 50.54 OK
r-devel-linux-x86_64-debian-gcc 1.10.16 3.84 35.75 39.59 OK
r-devel-linux-x86_64-fedora-clang 1.10.16 61.59 NOTE
r-devel-linux-x86_64-fedora-gcc 1.10.16 50.34 NOTE
r-devel-windows-x86_64-new-UL 1.10.16 53.00 73.00 126.00 OK
r-devel-windows-x86_64-new-TK 1.10.16 NOTE
r-patched-linux-x86_64 1.10.16 3.91 43.24 47.15 OK
r-release-linux-x86_64 1.10.16 4.23 43.19 47.42 OK
r-release-macos-arm64 1.10.16 NOTE
r-release-macos-x86_64 1.10.16 NOTE
r-release-windows-ix86+x86_64 1.10.16 11.00 67.00 78.00 OK
r-oldrel-macos-x86_64 1.10.16 NOTE
r-oldrel-windows-ix86+x86_64 1.10.16 12.00 67.00 79.00 OK

Check Details

Version: 1.10.16
Check: dependencies in R code
Result: NOTE
    Namespace in Imports field not imported from: ‘knitr’
     All declared Imports should be used.
Flavors: r-devel-linux-x86_64-fedora-clang, r-devel-linux-x86_64-fedora-gcc, r-devel-windows-x86_64-new-TK, r-release-macos-arm64, r-release-macos-x86_64, r-oldrel-macos-x86_64