CRAN Package Check Results for Package rjqpd

Last updated on 2022-05-16 22:52:21 CEST.

Flavor Version Tinstall Tcheck Ttotal Status Flags
r-devel-linux-x86_64-debian-clang 0.2.3 2.47 34.04 36.51 NOTE
r-devel-linux-x86_64-debian-gcc 0.2.3 1.66 26.20 27.86 NOTE
r-devel-linux-x86_64-fedora-clang 0.2.3 45.03 NOTE
r-devel-linux-x86_64-fedora-gcc 0.2.3 42.54 NOTE
r-devel-windows-x86_64 0.2.3 15.00 51.00 66.00 NOTE
r-patched-linux-x86_64 0.2.3 2.12 32.70 34.82 NOTE
r-release-linux-x86_64 0.2.3 2.61 32.35 34.96 NOTE
r-release-macos-arm64 0.2.3 14.00 NOTE
r-release-macos-x86_64 0.2.3 20.00 NOTE
r-release-windows-x86_64 0.2.3 15.00 49.00 64.00 NOTE
r-oldrel-macos-arm64 0.2.3 17.00 NOTE
r-oldrel-macos-x86_64 0.2.3 27.00 NOTE
r-oldrel-windows-ix86+x86_64 0.2.3 6.00 43.00 49.00 NOTE

Check Details

Version: 0.2.3
Check: LazyData
Result: NOTE
     'LazyData' is specified without a 'data' directory
Flavors: r-devel-linux-x86_64-debian-clang, r-devel-linux-x86_64-debian-gcc, r-devel-linux-x86_64-fedora-clang, r-devel-linux-x86_64-fedora-gcc, r-devel-windows-x86_64, r-patched-linux-x86_64, r-release-linux-x86_64, r-release-macos-arm64, r-release-macos-x86_64, r-release-windows-x86_64, r-oldrel-macos-arm64, r-oldrel-macos-x86_64, r-oldrel-windows-ix86+x86_64