CRAN Package Check Results for Package rliger

Last updated on 2024-02-20 23:54:05 CET.

Flavor Version Tinstall Tcheck Ttotal Status Flags
r-devel-linux-x86_64-debian-clang 1.0.1 OK
r-devel-linux-x86_64-debian-gcc 1.0.1 119.90 231.19 351.09 OK
r-devel-linux-x86_64-fedora-clang 1.0.1 589.48 OK
r-devel-linux-x86_64-fedora-gcc 1.0.1 602.88 OK
r-devel-windows-x86_64 1.0.1 117.00 259.00 376.00 OK
r-patched-linux-x86_64 1.0.1 122.22 298.42 420.64 OK
r-release-linux-x86_64 1.0.1 105.08 291.97 397.05 OK
r-release-macos-arm64 1.0.1 148.00 NOTE
r-release-macos-x86_64 1.0.1 276.00 NOTE
r-release-windows-x86_64 1.0.1 150.00 336.00 486.00 OK
r-oldrel-macos-arm64 1.0.1 171.00 NOTE
r-oldrel-windows-x86_64 1.0.1 145.00 323.00 468.00 OK

Check Details

Version: 1.0.1
Check: package dependencies
Result: NOTE Package suggested but not available for checking: ‘reactome.db’ Flavors: r-release-macos-arm64, r-release-macos-x86_64

Version: 1.0.1
Check: installed package size
Result: NOTE installed size is 7.3Mb sub-directories of 1Mb or more: libs 6.4Mb Flavors: r-release-macos-arm64, r-release-macos-x86_64, r-oldrel-macos-arm64