CRAN Package Check Results for Package rmBayes

Last updated on 2021-12-04 22:59:45 CET.

Flavor Version Tinstall Tcheck Ttotal Status Flags
r-devel-linux-x86_64-debian-clang 0.1.13 1168.81 181.09 1349.90 NOTE
r-devel-linux-x86_64-debian-gcc 0.1.13 1032.71 191.73 1224.44 NOTE
r-devel-linux-x86_64-fedora-clang 0.1.13 2032.62 NOTE
r-devel-linux-x86_64-fedora-gcc 0.1.13 2240.43 NOTE
r-devel-windows-x86_64-new-UL 0.1.13 1318.00 354.00 1672.00 NOTE
r-devel-windows-x86_64-new-TK 0.1.13 NOTE
r-devel-windows-x86_64-old 0.1.13 1402.00 406.00 1808.00 NOTE
r-patched-linux-x86_64 0.1.13 1053.78 234.93 1288.71 NOTE
r-release-linux-x86_64 0.1.13 1162.30 231.98 1394.28 NOTE
r-release-macos-arm64 0.1.13 NOTE
r-release-macos-x86_64 0.1.13 NOTE
r-release-windows-ix86+x86_64 0.1.13 2766.00 521.00 3287.00 NOTE
r-oldrel-macos-x86_64 0.1.13 NOTE
r-oldrel-windows-ix86+x86_64 0.1.13 2755.00 457.00 3212.00 NOTE

Check Details

Version: 0.1.13
Check: for GNU extensions in Makefiles
Result: NOTE
    GNU make is a SystemRequirements.
Flavors: r-devel-linux-x86_64-debian-clang, r-devel-linux-x86_64-debian-gcc, r-devel-linux-x86_64-fedora-clang, r-devel-linux-x86_64-fedora-gcc, r-devel-windows-x86_64-new-UL, r-devel-windows-x86_64-new-TK, r-devel-windows-x86_64-old, r-patched-linux-x86_64, r-release-linux-x86_64, r-release-macos-arm64, r-release-macos-x86_64, r-release-windows-ix86+x86_64, r-oldrel-macos-x86_64, r-oldrel-windows-ix86+x86_64

Version: 0.1.13
Check: installed package size
Result: NOTE
     installed size is 133.6Mb
     sub-directories of 1Mb or more:
     libs 133.2Mb
Flavors: r-devel-linux-x86_64-fedora-clang, r-devel-windows-x86_64-new-UL, r-devel-windows-x86_64-old, r-release-macos-arm64, r-release-macos-x86_64, r-release-windows-ix86+x86_64, r-oldrel-macos-x86_64, r-oldrel-windows-ix86+x86_64

Version: 0.1.13
Check: dependencies in R code
Result: NOTE
    Namespaces in Imports field not imported from:
     ‘RcppParallel’ ‘rstantools’
     All declared Imports should be used.
Flavors: r-devel-linux-x86_64-fedora-clang, r-devel-linux-x86_64-fedora-gcc, r-devel-windows-x86_64-new-TK, r-release-macos-arm64, r-release-macos-x86_64, r-oldrel-macos-x86_64