Last updated on 2022-05-28 22:55:18 CEST.
Flavor | Version | Tinstall | Tcheck | Ttotal | Status | Flags |
---|---|---|---|---|---|---|
r-devel-linux-x86_64-debian-clang | 0.4.3 | 4.88 | 130.03 | 134.91 | OK | |
r-devel-linux-x86_64-debian-gcc | 0.4.3 | 4.16 | 96.37 | 100.53 | OK | |
r-devel-linux-x86_64-fedora-clang | 0.4.3 | 164.64 | NOTE | |||
r-devel-linux-x86_64-fedora-gcc | 0.4.3 | 146.21 | NOTE | |||
r-devel-windows-x86_64 | 0.4.3 | 30.00 | 148.00 | 178.00 | OK | |
r-patched-linux-x86_64 | 0.4.3 | 3.88 | 121.51 | 125.39 | OK | |
r-release-linux-x86_64 | 0.4.3 | 3.68 | 123.96 | 127.64 | OK | |
r-release-macos-arm64 | 0.4.3 | 36.00 | NOTE | |||
r-release-macos-x86_64 | 0.4.3 | 75.00 | NOTE | |||
r-release-windows-x86_64 | 0.4.3 | 35.00 | 151.00 | 186.00 | OK | |
r-oldrel-macos-arm64 | 0.4.3 | 38.00 | NOTE | |||
r-oldrel-macos-x86_64 | 0.4.3 | 53.00 | NOTE | |||
r-oldrel-windows-ix86+x86_64 | 0.4.3 | 11.00 | 154.00 | 165.00 | OK |
Version: 0.4.3
Check: data for non-ASCII characters
Result: NOTE
Note: found 31 marked UTF-8 strings
Flavors: r-devel-linux-x86_64-fedora-clang, r-devel-linux-x86_64-fedora-gcc, r-release-macos-arm64, r-release-macos-x86_64, r-oldrel-macos-arm64, r-oldrel-macos-x86_64