CRAN Package Check Results for Package rmdfiltr

Last updated on 2022-01-25 22:57:08 CET.

Flavor Version Tinstall Tcheck Ttotal Status Flags
r-devel-linux-x86_64-debian-clang 0.1.3 2.11 37.41 39.52 NOTE
r-devel-linux-x86_64-debian-gcc 0.1.3 1.60 28.72 30.32 NOTE
r-devel-linux-x86_64-fedora-clang 0.1.3 48.34 NOTE
r-devel-linux-x86_64-fedora-gcc 0.1.3 36.68 NOTE
r-devel-windows-x86_64-new-UL 0.1.3 30.00 64.00 94.00 NOTE
r-devel-windows-x86_64-new-TK 0.1.3 NOTE
r-patched-linux-x86_64 0.1.3 2.08 35.13 37.21 NOTE
r-release-linux-x86_64 0.1.3 1.22 34.64 35.86 NOTE
r-release-macos-arm64 0.1.3 NOTE
r-release-macos-x86_64 0.1.3 NOTE
r-release-windows-ix86+x86_64 0.1.3 5.00 49.00 54.00 NOTE
r-oldrel-macos-x86_64 0.1.3 OK
r-oldrel-windows-ix86+x86_64 0.1.3 5.00 49.00 54.00 OK

Check Details

Version: 0.1.3
Check: LazyData
Result: NOTE
     'LazyData' is specified without a 'data' directory
Flavors: r-devel-linux-x86_64-debian-clang, r-devel-linux-x86_64-debian-gcc, r-devel-linux-x86_64-fedora-clang, r-devel-linux-x86_64-fedora-gcc, r-devel-windows-x86_64-new-UL, r-devel-windows-x86_64-new-TK, r-patched-linux-x86_64, r-release-linux-x86_64, r-release-macos-arm64, r-release-macos-x86_64, r-release-windows-ix86+x86_64