CRAN Package Check Results for Package rmdpartials

Last updated on 2022-01-26 22:55:02 CET.

Flavor Version Tinstall Tcheck Ttotal Status Flags
r-devel-linux-x86_64-debian-clang 0.5.8 1.80 38.48 40.28 NOTE
r-devel-linux-x86_64-debian-gcc 0.5.8 1.87 29.65 31.52 NOTE
r-devel-linux-x86_64-fedora-clang 0.5.8 49.78 NOTE
r-devel-linux-x86_64-fedora-gcc 0.5.8 37.95 NOTE
r-devel-windows-x86_64-new-UL 0.5.8 38.00 62.00 100.00 NOTE
r-devel-windows-x86_64-new-TK 0.5.8 NOTE
r-patched-linux-x86_64 0.5.8 1.80 35.68 37.48 NOTE
r-release-linux-x86_64 0.5.8 2.16 35.65 37.81 NOTE
r-release-macos-arm64 0.5.8 NOTE
r-release-macos-x86_64 0.5.8 NOTE
r-release-windows-ix86+x86_64 0.5.8 5.00 51.00 56.00 NOTE
r-oldrel-macos-x86_64 0.5.8 OK
r-oldrel-windows-ix86+x86_64 0.5.8 6.00 49.00 55.00 OK

Check Details

Version: 0.5.8
Check: LazyData
Result: NOTE
     'LazyData' is specified without a 'data' directory
Flavors: r-devel-linux-x86_64-debian-clang, r-devel-linux-x86_64-debian-gcc, r-devel-linux-x86_64-fedora-clang, r-devel-linux-x86_64-fedora-gcc, r-devel-windows-x86_64-new-UL, r-devel-windows-x86_64-new-TK, r-patched-linux-x86_64, r-release-linux-x86_64, r-release-macos-arm64, r-release-macos-x86_64, r-release-windows-ix86+x86_64