CRAN Package Check Results for Package rmi

Last updated on 2022-07-04 22:59:21 CEST.

Flavor Version Tinstall Tcheck Ttotal Status Flags
r-devel-linux-x86_64-debian-clang 0.1.1 130.92 38.72 169.64 NOTE
r-devel-linux-x86_64-debian-gcc 0.1.1 106.60 29.49 136.09 NOTE
r-devel-linux-x86_64-fedora-clang 0.1.1 269.64 NOTE
r-devel-linux-x86_64-fedora-gcc 0.1.1 241.05 NOTE
r-devel-windows-x86_64 0.1.1 59.00 85.00 144.00 NOTE
r-patched-linux-x86_64 0.1.1 121.14 38.02 159.16 NOTE
r-release-linux-x86_64 0.1.1 111.69 37.92 149.61 NOTE
r-release-macos-arm64 0.1.1 53.00 NOTE
r-release-macos-x86_64 0.1.1 72.00 NOTE
r-release-windows-x86_64 0.1.1 62.00 87.00 149.00 NOTE
r-oldrel-macos-arm64 0.1.1 50.00 NOTE
r-oldrel-macos-x86_64 0.1.1 110.00 NOTE
r-oldrel-windows-ix86+x86_64 0.1.1 183.00 91.00 274.00 NOTE

Check Details

Version: 0.1.1
Check: LazyData
Result: NOTE
     'LazyData' is specified without a 'data' directory
Flavors: r-devel-linux-x86_64-debian-clang, r-devel-linux-x86_64-debian-gcc, r-devel-linux-x86_64-fedora-clang, r-devel-linux-x86_64-fedora-gcc, r-devel-windows-x86_64, r-patched-linux-x86_64, r-release-linux-x86_64, r-release-macos-arm64, r-release-macos-x86_64, r-release-windows-x86_64, r-oldrel-macos-arm64, r-oldrel-macos-x86_64, r-oldrel-windows-ix86+x86_64