Last updated on 2022-07-05 22:50:32 CEST.
Flavor | Version | Tinstall | Tcheck | Ttotal | Status | Flags |
---|---|---|---|---|---|---|
r-devel-linux-x86_64-debian-clang | 0.0.3 | 1.71 | 19.66 | 21.37 | OK | |
r-devel-linux-x86_64-debian-gcc | 0.0.3 | 1.48 | 15.58 | 17.06 | OK | |
r-devel-linux-x86_64-fedora-clang | 0.0.3 | 37.35 | NOTE | |||
r-devel-linux-x86_64-fedora-gcc | 0.0.3 | 37.11 | OK | |||
r-devel-windows-x86_64 | 0.0.3 | 10.00 | 42.00 | 52.00 | OK | |
r-patched-linux-x86_64 | 0.0.3 | 1.95 | 19.54 | 21.49 | OK | |
r-release-linux-x86_64 | 0.0.3 | 1.74 | 19.29 | 21.03 | OK | |
r-release-macos-arm64 | 0.0.3 | 14.00 | OK | |||
r-release-macos-x86_64 | 0.0.3 | 19.00 | OK | |||
r-release-windows-x86_64 | 0.0.3 | 4.00 | 40.00 | 44.00 | OK | |
r-oldrel-macos-arm64 | 0.0.3 | 21.00 | OK | |||
r-oldrel-macos-x86_64 | 0.0.3 | 24.00 | OK | |||
r-oldrel-windows-ix86+x86_64 | 0.0.3 | 4.00 | 21.00 | 25.00 | OK |
Version: 0.0.3
Check: Rd cross-references
Result: NOTE
Undeclared package ‘fortunes’ in Rd xrefs
Flavor: r-devel-linux-x86_64-fedora-clang