CRAN Package Check Results for Package rnaturalearthdata

Last updated on 2022-01-27 23:01:16 CET.

Flavor Version Tinstall Tcheck Ttotal Status Flags
r-devel-linux-x86_64-debian-clang 0.1.0 8.95 40.70 49.65 OK
r-devel-linux-x86_64-debian-gcc 0.1.0 8.22 32.04 40.26 OK
r-devel-linux-x86_64-fedora-clang 0.1.0 61.20 NOTE
r-devel-linux-x86_64-fedora-gcc 0.1.0 51.57 NOTE
r-devel-windows-x86_64-new-UL 0.1.0 89.00 62.00 151.00 OK
r-devel-windows-x86_64-new-TK 0.1.0 NOTE
r-patched-linux-x86_64 0.1.0 7.74 39.10 46.84 OK
r-release-linux-x86_64 0.1.0 7.96 38.86 46.82 OK
r-release-macos-arm64 0.1.0 NOTE
r-release-macos-x86_64 0.1.0 NOTE
r-release-windows-ix86+x86_64 0.1.0 14.00 50.00 64.00 OK
r-oldrel-macos-x86_64 0.1.0 NOTE
r-oldrel-windows-ix86+x86_64 0.1.0 14.00 50.00 64.00 OK

Check Details

Version: 0.1.0
Check: data for non-ASCII characters
Result: NOTE
     Note: found 133 marked Latin-1 strings
Flavors: r-devel-linux-x86_64-fedora-clang, r-devel-linux-x86_64-fedora-gcc, r-devel-windows-x86_64-new-TK, r-release-macos-arm64, r-release-macos-x86_64, r-oldrel-macos-x86_64