Last updated on 2023-05-28 22:00:21 CEST.
Flavor | Version | Tinstall | Tcheck | Ttotal | Status | Flags |
---|---|---|---|---|---|---|
r-devel-linux-x86_64-debian-clang | 0.4-0 | 6.47 | 46.33 | 52.80 | NOTE | |
r-devel-linux-x86_64-debian-gcc | 0.4-0 | 3.73 | 36.08 | 39.81 | NOTE | |
r-devel-linux-x86_64-fedora-clang | 0.4-0 | 64.65 | NOTE | |||
r-devel-linux-x86_64-fedora-gcc | 0.4-0 | 62.05 | NOTE | |||
r-devel-windows-x86_64 | 0.4-0 | 7.00 | 59.00 | 66.00 | NOTE | |
r-patched-linux-x86_64 | 0.4-0 | 5.82 | 45.21 | 51.03 | NOTE | |
r-release-linux-x86_64 | 0.4-0 | 5.97 | 44.89 | 50.86 | NOTE | |
r-release-macos-arm64 | 0.4-0 | 23.00 | NOTE | |||
r-release-macos-x86_64 | 0.4-0 | 33.00 | NOTE | |||
r-release-windows-x86_64 | 0.4-0 | 8.00 | 73.00 | 81.00 | NOTE | |
r-oldrel-macos-arm64 | 0.4-0 | 22.00 | OK | |||
r-oldrel-macos-x86_64 | 0.4-0 | 32.00 | OK | |||
r-oldrel-windows-x86_64 | 0.4-0 | 36.00 | 84.00 | 120.00 | OK |
Version: 0.4-0
Check: Rd files
Result: NOTE
checkRd: (-1) NlistServersInCategory.Rd:11: Escaped LaTeX specials: \_
Flavors: r-devel-linux-x86_64-debian-clang, r-devel-linux-x86_64-debian-gcc, r-devel-linux-x86_64-fedora-clang, r-devel-linux-x86_64-fedora-gcc, r-devel-windows-x86_64, r-patched-linux-x86_64, r-release-linux-x86_64, r-release-macos-arm64, r-release-macos-x86_64, r-release-windows-x86_64