CRAN Package Check Results for Package roahd

Last updated on 2022-01-26 22:55:02 CET.

Flavor Version Tinstall Tcheck Ttotal Status Flags
r-devel-linux-x86_64-debian-clang 1.4.3 11.98 209.99 221.97 OK
r-devel-linux-x86_64-debian-gcc 1.4.3 8.46 153.82 162.28 OK
r-devel-linux-x86_64-fedora-clang 1.4.3 253.52 NOTE
r-devel-linux-x86_64-fedora-gcc 1.4.3 247.71 OK
r-devel-windows-x86_64-new-UL 1.4.3 128.00 245.00 373.00 NOTE
r-devel-windows-x86_64-new-TK 1.4.3 OK
r-patched-linux-x86_64 1.4.3 11.30 196.61 207.91 OK
r-release-linux-x86_64 1.4.3 7.63 194.45 202.08 OK
r-release-macos-arm64 1.4.3 NOTE
r-release-macos-x86_64 1.4.3 NOTE
r-release-windows-ix86+x86_64 1.4.3 22.00 239.00 261.00 NOTE
r-oldrel-macos-x86_64 1.4.3 NOTE
r-oldrel-windows-ix86+x86_64 1.4.3 21.00 232.00 253.00 NOTE

Check Details

Version: 1.4.3
Check: installed package size
Result: NOTE
     installed size is 5.2Mb
     sub-directories of 1Mb or more:
     data 2.9Mb
     doc 1.7Mb
Flavors: r-devel-linux-x86_64-fedora-clang, r-devel-windows-x86_64-new-UL, r-release-macos-arm64, r-release-macos-x86_64, r-release-windows-ix86+x86_64, r-oldrel-macos-x86_64, r-oldrel-windows-ix86+x86_64