CRAN Package Check Results for Package robumeta

Last updated on 2024-02-20 23:54:05 CET.

Flavor Version Tinstall Tcheck Ttotal Status Flags
r-devel-linux-x86_64-debian-clang 2.1 NOTE
r-devel-linux-x86_64-debian-gcc 2.1 2.56 24.06 26.62 NOTE
r-devel-linux-x86_64-fedora-clang 2.1 44.71 NOTE
r-devel-linux-x86_64-fedora-gcc 2.1 53.88 NOTE
r-devel-windows-x86_64 2.1 4.00 46.00 50.00 OK
r-patched-linux-x86_64 2.1 3.05 31.33 34.38 OK
r-release-linux-x86_64 2.1 3.28 31.18 34.46 OK
r-release-macos-arm64 2.1 22.00 OK
r-release-macos-x86_64 2.1 34.00 OK
r-release-windows-x86_64 2.1 6.00 49.00 55.00 OK
r-oldrel-macos-arm64 2.1 19.00 OK
r-oldrel-windows-x86_64 2.1 6.00 53.00 59.00 OK

Check Details

Version: 2.1
Check: Rd files
Result: NOTE checkRd: (-1) predict.robu.Rd:36-42: Lost braces in \itemize; meant \describe ? checkRd: (-1) predict.robu.Rd:43-49: Lost braces in \itemize; meant \describe ? checkRd: (-1) predict.robu.Rd:50-55: Lost braces in \itemize; meant \describe ? Flavors: r-devel-linux-x86_64-debian-clang, r-devel-linux-x86_64-debian-gcc

Version: 2.1
Check: data for non-ASCII characters
Result: NOTE Note: found 6 marked UTF-8 strings Flavors: r-devel-linux-x86_64-fedora-clang, r-devel-linux-x86_64-fedora-gcc