CRAN Package Check Results for Package rockchalk

Last updated on 2022-01-27 23:01:16 CET.

Flavor Version Tinstall Tcheck Ttotal Status Flags
r-devel-linux-x86_64-debian-clang 1.8.144 18.52 181.39 199.91 WARN
r-devel-linux-x86_64-debian-gcc 1.8.144 14.98 138.86 153.84 WARN
r-devel-linux-x86_64-fedora-clang 1.8.144 259.63 WARN
r-devel-linux-x86_64-fedora-gcc 1.8.144 244.22 WARN
r-devel-windows-x86_64-new-UL 1.8.144 142.00 307.00 449.00 WARN
r-devel-windows-x86_64-new-TK 1.8.144 ERROR
r-patched-linux-x86_64 1.8.144 16.53 193.39 209.92 OK
r-release-linux-x86_64 1.8.144 12.47 190.14 202.61 OK
r-release-macos-arm64 1.8.144 OK
r-release-macos-x86_64 1.8.144 OK
r-release-windows-ix86+x86_64 1.8.144 30.00 247.00 277.00 OK
r-oldrel-macos-x86_64 1.8.144 OK
r-oldrel-windows-ix86+x86_64 1.8.144 30.00 247.00 277.00 OK

Check Details

Version: 1.8.144
Check: re-building of vignette outputs
Result: WARN
    Error(s) in re-building vignettes:
     ...
    --- re-building 'Rchaeology.Rnw' using Sweave
    
    Error: processing vignette 'Rchaeology.Rnw' failed with diagnostics:
     chunk 11
    Error in all.equal.numeric(coef(m5), coef(m6), coef(m7)) :
     length(tolerance) == 1L is not TRUE
    
    --- failed re-building 'Rchaeology.Rnw'
    
    --- re-building 'Rstyle.Rnw' using Sweave
    --- finished re-building 'Rstyle.Rnw'
    
    --- re-building 'outreg.Rnw' using Sweave
    Loading required package: car
    Loading required package: carData
    --- finished re-building 'outreg.Rnw'
    
    --- re-building 'rockchalk.Rnw' using Sweave
    Warning: Using formula(x) is deprecated when x is a character vector of length > 1.
     Consider formula(paste(x, collapse = " ")) instead.
    --- finished re-building 'rockchalk.Rnw'
    
    SUMMARY: processing the following file failed:
     'Rchaeology.Rnw'
    
    Error: Vignette re-building failed.
    Execution halted
Flavors: r-devel-linux-x86_64-debian-clang, r-devel-linux-x86_64-debian-gcc

Version: 1.8.144
Check: Rd cross-references
Result: NOTE
    Undeclared packages ‘mvtnorm’, ‘scatterplot3d’, ‘HH’ in Rd xrefs
Flavor: r-devel-linux-x86_64-fedora-clang

Version: 1.8.144
Check: re-building of vignette outputs
Result: WARN
    Error(s) in re-building vignettes:
    --- re-building ‘Rchaeology.Rnw’ using Sweave
    
    Error: processing vignette 'Rchaeology.Rnw' failed with diagnostics:
     chunk 11
    Error in all.equal.numeric(coef(m5), coef(m6), coef(m7)) :
     length(tolerance) == 1L is not TRUE
    
    --- failed re-building 'Rchaeology.Rnw'
    
    --- re-building 'Rstyle.Rnw' using Sweave
    --- finished re-building 'Rstyle.Rnw'
    
    --- re-building 'outreg.Rnw' using Sweave
    Loading required package: car
    Loading required package: carData
    --- finished re-building 'outreg.Rnw'
    
    --- re-building 'rockchalk.Rnw' using Sweave
    Warning: Using formula(x) is deprecated when x is a character vector of length > 1.
     Consider formula(paste(x, collapse = " ")) instead.
    --- finished re-building 'rockchalk.Rnw'
    
    SUMMARY: processing the following file failed:
     'Rchaeology.Rnw'
    
    Error: Vignette re-building failed.
    Execution halted
Flavors: r-devel-linux-x86_64-fedora-clang, r-devel-linux-x86_64-fedora-gcc, r-devel-windows-x86_64-new-UL

Version: 1.8.144
Check: package dependencies
Result: ERROR
    Package required but not available: 'lme4'
    
    Package suggested but not available for checking: 'car'
    
    See section 'The DESCRIPTION file' in the 'Writing R Extensions'
    manual.
Flavor: r-devel-windows-x86_64-new-TK