CRAN Package Check Results for Package roptim

Last updated on 2021-11-28 22:51:26 CET.

Flavor Version Tinstall Tcheck Ttotal Status Flags
r-devel-linux-x86_64-debian-clang 0.1.5 NOTE
r-devel-linux-x86_64-debian-gcc 0.1.5 25.16 23.57 48.73 NOTE
r-devel-linux-x86_64-fedora-clang 0.1.5 103.78 NOTE
r-devel-linux-x86_64-fedora-gcc 0.1.5 82.26 NOTE
r-devel-windows-x86_64-new-UL 0.1.5 47.00 88.00 135.00 NOTE
r-devel-windows-x86_64-new-TK 0.1.5 NOTE
r-devel-windows-x86_64-old 0.1.5 30.00 62.00 92.00 NOTE
r-patched-linux-x86_64 0.1.5 29.18 27.69 56.87 NOTE
r-patched-solaris-x86 0.1.5 93.10 NOTE
r-release-linux-x86_64 0.1.5 27.38 27.56 54.94 NOTE
r-release-macos-arm64 0.1.5 NOTE
r-release-macos-x86_64 0.1.5 NOTE
r-release-windows-ix86+x86_64 0.1.5 81.00 63.00 144.00 NOTE
r-oldrel-macos-x86_64 0.1.5 OK
r-oldrel-windows-ix86+x86_64 0.1.5 63.00 74.00 137.00 OK

Check Details

Version: 0.1.5
Check: LazyData
Result: NOTE
     'LazyData' is specified without a 'data' directory
Flavors: r-devel-linux-x86_64-debian-clang, r-devel-linux-x86_64-debian-gcc, r-devel-linux-x86_64-fedora-clang, r-devel-linux-x86_64-fedora-gcc, r-devel-windows-x86_64-new-UL, r-devel-windows-x86_64-new-TK, r-devel-windows-x86_64-old, r-patched-linux-x86_64, r-patched-solaris-x86, r-release-linux-x86_64, r-release-macos-arm64, r-release-macos-x86_64, r-release-windows-ix86+x86_64