CRAN Package Check Results for Package rosm

Last updated on 2022-01-23 22:49:53 CET.

Flavor Version Tinstall Tcheck Ttotal Status Flags
r-devel-linux-x86_64-debian-clang 0.2.5 4.49 52.04 56.53 NOTE
r-devel-linux-x86_64-debian-gcc 0.2.5 2.61 44.86 47.47 NOTE
r-devel-linux-x86_64-fedora-clang 0.2.5 67.58 NOTE
r-devel-linux-x86_64-fedora-gcc 0.2.5 57.04 NOTE
r-devel-windows-x86_64-new-UL 0.2.5 135.00 81.00 216.00 NOTE
r-devel-windows-x86_64-new-TK 0.2.5 NOTE
r-patched-linux-x86_64 0.2.5 3.89 51.13 55.02 NOTE
r-release-linux-x86_64 0.2.5 4.03 50.62 54.65 NOTE
r-release-macos-arm64 0.2.5 NOTE
r-release-macos-x86_64 0.2.5 NOTE
r-release-windows-ix86+x86_64 0.2.5 8.00 62.00 70.00 NOTE
r-oldrel-macos-x86_64 0.2.5 OK
r-oldrel-windows-ix86+x86_64 0.2.5 7.00 70.00 77.00 OK

Check Details

Version: 0.2.5
Check: LazyData
Result: NOTE
     'LazyData' is specified without a 'data' directory
Flavors: r-devel-linux-x86_64-debian-clang, r-devel-linux-x86_64-debian-gcc, r-devel-linux-x86_64-fedora-clang, r-devel-linux-x86_64-fedora-gcc, r-devel-windows-x86_64-new-UL, r-devel-windows-x86_64-new-TK, r-patched-linux-x86_64, r-release-linux-x86_64, r-release-macos-arm64, r-release-macos-x86_64, r-release-windows-ix86+x86_64