CRAN Package Check Results for Package rotor

Last updated on 2022-05-24 22:50:16 CEST.

Flavor Version Tinstall Tcheck Ttotal Status Flags
r-devel-linux-x86_64-debian-clang 0.3.5 7.38 57.40 64.78 NOTE
r-devel-linux-x86_64-debian-gcc 0.3.5 5.35 44.26 49.61 NOTE
r-devel-linux-x86_64-fedora-clang 0.3.5 82.98 NOTE
r-devel-linux-x86_64-fedora-gcc 0.3.5 68.86 NOTE
r-devel-windows-x86_64 0.3.5 22.00 82.00 104.00 NOTE
r-patched-linux-x86_64 0.3.5 8.45 55.89 64.34 NOTE
r-release-linux-x86_64 0.3.5 NOTE
r-release-macos-arm64 0.3.5 26.00 NOTE
r-release-macos-x86_64 0.3.5 33.00 NOTE
r-release-windows-x86_64 0.3.5 29.00 83.00 112.00 NOTE
r-oldrel-macos-arm64 0.3.5 24.00 NOTE
r-oldrel-macos-x86_64 0.3.5 45.00 NOTE
r-oldrel-windows-ix86+x86_64 0.3.5 13.00 74.00 87.00 NOTE

Additional issues

M1mac

Check Details

Version: 0.3.5
Check: LazyData
Result: NOTE
     'LazyData' is specified without a 'data' directory
Flavors: r-devel-linux-x86_64-debian-clang, r-devel-linux-x86_64-debian-gcc, r-devel-linux-x86_64-fedora-clang, r-devel-linux-x86_64-fedora-gcc, r-devel-windows-x86_64, r-patched-linux-x86_64, r-release-linux-x86_64, r-release-macos-arm64, r-release-macos-x86_64, r-release-windows-x86_64, r-oldrel-macos-arm64, r-oldrel-macos-x86_64, r-oldrel-windows-ix86+x86_64