CRAN Package Check Results for Package rpivotTable

Last updated on 2022-01-27 23:01:16 CET.

Flavor Version Tinstall Tcheck Ttotal Status Flags
r-devel-linux-x86_64-debian-clang 0.3.0 2.42 39.56 41.98 OK
r-devel-linux-x86_64-debian-gcc 0.3.0 2.04 30.98 33.02 OK
r-devel-linux-x86_64-fedora-clang 0.3.0 52.34 OK
r-devel-linux-x86_64-fedora-gcc 0.3.0 41.29 OK
r-devel-windows-x86_64-new-UL 0.3.0 158.00 74.00 232.00 OK
r-devel-windows-x86_64-new-TK 0.3.0 OK
r-patched-linux-x86_64 0.3.0 1.84 38.12 39.96 OK
r-release-linux-x86_64 0.3.0 2.03 38.26 40.29 OK
r-release-macos-arm64 0.3.0 OK
r-release-macos-x86_64 0.3.0 WARN
r-release-windows-ix86+x86_64 0.3.0 6.00 50.00 56.00 OK
r-oldrel-macos-x86_64 0.3.0 WARN
r-oldrel-windows-ix86+x86_64 0.3.0 6.00 50.00 56.00 OK

Check Details

Version: 0.3.0
Check: re-building of vignette outputs
Result: WARN
    Error(s) in re-building vignettes:
     ...
    --- re-building ‘NEWS.Rmd’ using rmarkdown
    Warning in engine$weave(file, quiet = quiet, encoding = enc) :
     Pandoc (>= 1.12.3) not available. Falling back to R Markdown v1.
    --- finished re-building ‘NEWS.Rmd’
    
    --- re-building ‘rpivotTableIntroduction.Rmd’ using rmarkdown
    Warning in engine$weave(file, quiet = quiet, encoding = enc) :
     Pandoc (>= 1.12.3) not available. Falling back to R Markdown v1.
    Quitting from lines 51-53 (rpivotTableIntroduction.Rmd)
    Error: processing vignette 'rpivotTableIntroduction.Rmd' failed with diagnostics:
    invalid 'path' argument
    --- failed re-building ‘rpivotTableIntroduction.Rmd’
    
    SUMMARY: processing the following file failed:
     ‘rpivotTableIntroduction.Rmd’
    
    Error: Vignette re-building failed.
    Execution halted
Flavor: r-release-macos-x86_64

Version: 0.3.0
Check: re-building of vignette outputs
Result: WARN
    Error(s) in re-building vignettes:
     ...
    --- re-building ‘NEWS.Rmd’ using rmarkdown
    Warning in engine$weave(file, quiet = quiet, encoding = enc) :
     Pandoc (>= 1.12.3) and/or pandoc-citeproc not available. Falling back to R Markdown v1.
    --- finished re-building ‘NEWS.Rmd’
    
    --- re-building ‘rpivotTableIntroduction.Rmd’ using rmarkdown
    Warning in engine$weave(file, quiet = quiet, encoding = enc) :
     Pandoc (>= 1.12.3) and/or pandoc-citeproc not available. Falling back to R Markdown v1.
    Quitting from lines 51-53 (rpivotTableIntroduction.Rmd)
    Error: processing vignette 'rpivotTableIntroduction.Rmd' failed with diagnostics:
    cannot open the connection
    --- failed re-building ‘rpivotTableIntroduction.Rmd’
    
    SUMMARY: processing the following file failed:
     ‘rpivotTableIntroduction.Rmd’
    
    Error: Vignette re-building failed.
    Execution halted
Flavor: r-oldrel-macos-x86_64